 to base 8.
2350013
12114204033 (base 5) to base 11
8026115
What is -11110000000001000 (base 2) in base 13?
-43c1c
Convert -17c9710 (base 13) to base 11.
-444045a
-272533 (base 8) to base 3
-11212002222
10536063 (base 8) to base 11
1315328
What is -16557146 (base 8) in base 3?
-21021000012201
-139237 (base 10) to base 2
-100001111111100101
What is 312447 (base 9) in base 13?
665aa
Convert -463556 (base 7) to base 10.
-82949
429390 (base 10) to base 16
68d4e
221364 (base 7) to base 13
14964
What is -52244 (base 11) in base 4?
-102211331
Convert -23131 (base 6) to base 14.
-12b5
-54202210 (base 7) to base 10
-4622716
-97b736 (base 15) to base 3
-111121012021020
Convert -305414240 (base 6) to base 3.
-100222112202120
-190562 (base 10) to base 3
-100200101212
Convert -4204020 (base 6) to base 13.
-71565
Convert -101101000112122 (base 3) to base 7.
-64563623
What is 3468 (base 15) in base 12?
652b
-1010110001000011000011 (base 2) to base 9
-5271462
What is 10420aa (base 11) in base 8?
6773713
What is 44cb3 (base 16) in base 10?
281779
Convert -330699 (base 12) to base 15.
-10ed90
What is 110111011011100 (base 2) in base 9?
42833
What is -20505444 (base 6) in base 13?
-180142
What is -63a6a (base 11) in base 7?
-535334
110222201100202 (base 3) to base 11
39954a4
2446739 (base 13) to base 3
210012110000212
1100111000110110 (base 2) to base 7
306623
What is -41c40 (base 14) in base 3?
-22001212002
Convert 255155 (base 6) to base 5.
1220213
Convert -32525620 (base 7) to base 4.
-22222303303
76471 (base 12) to base 3
21221020111
Convert 1335424235 (base 6) to base 14.
22248d9
Convert 10421714 (base 8) to base 4.
20202033030
What is 726957 (base 12) in base 2?
110110110001111010011
-414cab (base 14) to base 2
-1000011001111000110111
What is -13c2b5 (base 13) in base 15?
-98551
What is -222827 (base 9) in base 5?
-13231401
Convert -2dd42 (base 16) to base 8.
-556502
Convert -33232333331 (base 4) to base 16.
-3eeffd
What is -2421435 (base 7) in base 12?
-12a219
What is -450302010 (base 6) in base 12?
-2887906
3185a9 (base 14) to base 3
10011002121220
What is 30412521 (base 7) in base 3?
11210002212200
4bb9766 (base 12) to base 4
320323333332
What is 61461 (base 7) in base 15?
4693
Convert 324323321 (base 5) to base 8.
5261557
What is 10111143 (base 5) in base 4?
110002000
145789 (base 12) to base 7
2621466
Convert -27516 (base 9) to base 15.
-57d0
-253421022 (base 6) to base 13
-1039328
What is -4dc8b (base 15) in base 6?
-5201422
What is 75837 (base 9) in base 10?
50254
-1240404440 (base 5) to base 16
-2eb11b
What is 2201101221122 (base 3) in base 13?
3b7848
What is -136695 (base 10) in base 6?
-2532503
What is 29f3d9 (base 16) in base 4?
22133033121
What is 100110110001100011110100 (base 2) in base 11?
5812796
What is -261ba9 (base 13) in base 12?
-383403
1110041221 (base 5) to base 3
11120011212120
What is -4dd20d (base 16) in base 2?
-10011011101001000001101
What is -4e33ce (base 15) in base 11?
-2136967
Convert -5044a3 (base 14) to base 12.
-aa3113
3436301 (base 8) to base 4
3203303001
1213030 (base 6) to base 2
1111101010101010
Convert -117074 (base 8) to base 6.
-511312
What is 66642a (base 16) in base 3?
110121220211011
Convert -2014041344 (base 5) to base 11.
-2316584
Convert c6d5 (base 15) to base 14.
11478
What is 727154 (base 8) in base 16?
3ae6c
Convert -10111111010110100 (base 2) to base 9.
-158347
What is -220332213 (base 4) in base 11?
-105119
-3130303133 (base 4) to base 6
-31215035
-12104125 (base 8) to base 14
-4d20a9
Convert 3441 (base 6) to base 10.
817
What is -42272761 (base 8) in base 9?
-17850453
-1101110111111110 (base 2) to base 13
-1cb37
Convert 112133254 (base 6) to base 10.
2065282
What is -45cab (base 14) in base 2?
-101001011110011111
-2171623 (base 10) to base 12
-888887
Convert -240334004 (base 5) to base 4.
-10031321200
Convert 8264366 (base 9) to base 11.
2543a61
What is 334244432 (base 5) in base 3?
2210002121002
Convert -373560 (base 8) to base 14.
-34d7a
c01a77 (base 13) to base 16
440bed
What is -18ff0 (base 16) in base 14?
-29452
-663948 (base 10) to base 4
-2202012030
-4313341 (base 6) to base 9
-352757
What is -605721 (base 9) in base 10?
-358525
-301022100 (base 5) to base 12
-494115
-fc0c72 (base 16) to base 15
-16b4473
Convert -1002131 (base 4) to base 13.
-1c22
What is 1b5567 (base 16) in base 2?
110110101010101100111
Convert 5625246 (base 7) to base 4.
2221312320
What is 122211022100212 (base 3) in base 11?
5390743
-227bbc (base 13) to base 3
-1112111212000
-38ab6 (base 12) to base 15
-17ee0
465783 (base 11) to base 6
23504135
What is -2651862 (base 10) in base 3?
-11222201200010
What is 110111111010011101 (base 2) in base 6?
4524141
98001 (base 10) to base 7
555501
Convert 104040422 (base 5) to base 6.
13433521
-11042414 (base 5) to base 8
-274541
3440333 (base 7) to base 9
724702
What is -895079 (base 11) in base 2?
-101011100010111100110
Convert -5544434 (base 7) to base 6.
-22352125
What is -11650145 (base 9) in base 3?
-101201200011112
What is -218501 (base 14) in base 13?
-30a6a4
Convert -1413226 (base 7) to base 11.
-119626
Convert 101000101001010001 (base 2) to base 12.
80415
1c2a94 (base 14) to base 16
f5b3a
Convert 521531 (base 11) to base 2.
11001100001110011011
21222221212011 (base 3) to base 7
51062461
143332502 (base 6) to base 5
1224422113
12122211120 (base 4) to base 12
6912a0
What is -1514514 (base 7) in base 10?
-205713
Convert -2750 (base 16) to base 3.
-111210202
1812142 (base 9) to base 11
631344
-1444400 (base 6) to base 4
-110133300
-510028 (base 11) to base 7
-6653312
What is 271017 (base 11) in base 16?
67fd2
What is 145b5 (base 12) in base 3?
1110002202
33732 (base 16) to base 7
1535253
Convert -345131444 (base 6) to base 7.
-105301222
-114d78 (base 15) to base 5
-202422123
147014 (base 9) to base 14
24d3b
Convert 5548888 (base 9) to base 10.
2985254
Convert -22a3ce (base 16) to base 4.
-20222033032
What is -4995889 (base 10) in base 4?
-103003230301
What is 552022 (base 7) in base 4?
113213212
Convert -178453 (base 13) to base 11.
-372a26
What is 215702 (base 10) in base 6?
4342342
Convert -252019 (base 11) to base 2.
-1100001001010100101
2654325 (base 11) to base 2
10001100000001100111011
Convert 5cacb (base 14) to base 12.
ab54b
Convert -2405413 (base 6) to base 12.
-60869
Convert 173886 (base 12) to base 4.
1201300212
What is 1043202443 (base 5) in base 7?
25466202
What is -1014320322 (base 5) in base 13?
-588b59
Convert 40553302 (base 6) to base 5.
244301422
Convert 10220020010210 (base 3) to base 6.
112220503
Convert -11011010110011111100 (base 2) to base 13.
-254c36
What is 200030332 (base 4) in base 14?
360d8
Convert 10257562 (base 8) to base 9.
4103145
What is 220111121110 (base 3) in base 11?
2aa407
Convert 42b06a5 (base 12) to base 9.
25751818
-4435785 (base 9) to base 6
-123045552
31101210 (base 4) to base 9
82523
Convert -205354 (base 10) to base 3.
-101102200201
What is -1232965 (base 10) in base 13?
-342286
-4eaf0a (base 16) to base 15
-6bcd48
-2001444320 (base 5) to base 12
-139a758
3cc86c5 (base 13) to base 9
40272074
Convert -2201443 (base 5) to base 4.
-21031310
1000001011011110 (base 2) to base 13
12331
Convert a6797 (base 12) to base 9.
363177
Convert -e139c (base 16) to base 9.
-1655416
-31113435 (base 6) to base 14
-194931
Convert 4206213 (base 7) to base 10.
506376
-1100000011111010011 (base 2) to base 5
-100121334
What is 1002021100 (base 3) in base 5?
1140324
11110222110210 (base 3) to base 8
11052713
Convert -83813 (base 11) to base 3.
-20012111100
-2120021100201 (base 3) to base 9
-2507321
Convert -4b6fb (base 16) to base 5.
-34341422
Convert 347435 (base 8) to base 5.
12243212
Convert -5529 (base 12) to base 5.
-300033
What is -a278 (base 13) in base 4?
-11132013
Convert 132357 (base 9) to base 10.
80485
Convert 12133413 (base 8) to base 16.
28b70b
Convert -90a16 (base 11) to base 8.
-403604
-124242323 (base 5) to base 8
-2267737
10402351 (base 6) to base 15
624e1
Convert 210220012021 (base 3) to base 2.
1101001001110000101
-1215952 (base 13) to base 10
-5610529
Convert 2777481 (base 11) to base 9.
8888754
Convert -21112111001022 (base 3) to base 4.
-33101310221
1a1b88 (base 16) to base 2
110100001101110001000
Convert 11444222 (base 5) to base 4.
122